u - 32 = 0. What is the highest common divisor of v and m?
11
Suppose -i + 188 = 2*c, -5*c - 24*i = -26*i - 452. What is the highest common factor of 644 and c?
92
Let p(n) = -2*n**2 - 5*n + 12. Let t be p(-7). Let m = -24 - t. What is the highest common factor of 18 and m?
9
Suppose 5*f + 655 = 5*d, 0 = -4*d + 2*f + 436 + 84. Calculate the greatest common factor of d and 215.
43
Let b be 6/(-27) + (-56)/(-9). Suppose -1500 = -b*a - 72. What is the highest common factor of 34 and a?
34
Suppose -n - 5*r - 1 = 6, 4*n - r = 14. Suppose 48 - 246 = -n*h. Calculate the highest common divisor of 6 and h.
6
Suppose 4*m = -30 + 126. Suppose -3 - 3 = -2*t. Suppose t*d = -0*d + 108. Calculate the highest common factor of m and d.
12
Suppose -8 = -18*f + 14*f. Suppose f*g = 2 - 8, -v + 44 = -3*g. What is the greatest common divisor of v and 5?
5
Suppose -3*q + 1025 = 5*w - 781, 3*w - 3*q - 1074 = 0. Suppose 62*k + w = 67*k. What is the greatest common factor of k and 24?
24
Suppose -278 = -5*a + 3*k, 5*a - 163 = 2*a - 2*k. Let h be 23 + 0 + (-2 - -1). What is the highest common divisor of h and a?
11
Suppose -k = 5*t - 444, 5*k + 13*t - 2154 = 10*t. Calculate the greatest common factor of k and 33.
33
Suppose -30*g - 7395 = -35*g. Calculate the highest common factor of 51 and g.
51
Suppose -4*d = -d - 390. Let v = d + -70. Calculate the highest common factor of v and 30.
30
Let p = 499 - 339. Suppose 3*g = g + p. What is the highest common divisor of g and 16?
16
Let y(q) = q**2 + q + 5. Let t be y(0). Let g(k) = -k**3 + 63*k**2 + 60*k + 258. Let x be g(64). What is the highest common divisor of t and x?
1
Suppose -2*y + 0 + 8 = 0. Suppose 4*m = 2*p - 152 + 4, m - 305 = -4*p. Suppose 3 + 1 = -4*k, 0 = y*z + 4*k - p. What is the highest common divisor of z and 60?
20
Let u = 447 - 393. What is the greatest common factor of 10 and u?
2
Suppose 3*k = 4*k + 2. Let h(v) = -12*v**2 + 7*v - 8. Let q be h(8). Let f be (q/8)/(k + 1). What is the highest common divisor of 36 and f?
18
Let t(i) = -i**2 + 10*i + 12. Let c = -1 + 10. Let a be t(c). Let o = 227 - 213. Calculate the highest common divisor of a and o.
7
Let s(c) = -c**2 + 15*c + 4. Suppose 21*z - 22*z = -13. Let u be s(z). Calculate the highest common factor of 15 and u.
15
Suppose -2*f + 3 - 7 = 0, -2*f = -c - 2626. Let o be 3/2 - c/20. Suppose -5*s - 23 = -o. What is the highest common divisor of s and 2?
2
Let h(a) = a - 10. Let v be h(6). Let d be 42/v*16/(-12). Calculate the greatest common factor of 14 and d.
14
Let v(f) = -2*f + 1. Let j = 8 + -10. Let t be v(j). Suppose 3*i = o - 4*o + 126, i = t*o - 192. What is the greatest common factor of o and 13?
13
Let f = -15 - -32. Let h = -2055 + 2089. What is the highest common factor of h and f?
17
Suppose -326 = 15*q - 1106. Calculate the greatest common divisor of 104 and q.
52
Let c be 57 - 0/(4*(-9)/(-12)). What is the highest common factor of c and 627?
57
Let m(z) = 86*z + 268. Let g be m(-3). What is the highest common divisor of g and 370?
10
Let w = 9 + 15. Let c be (-16)/((-8)/2) + -155. Let v = c + 211. What is the highest common factor of v and w?
12
Suppose 0 = -c + 33 - 22. Suppose 2*v = v + c. Suppose -22 = -k - v. Calculate the highest common divisor of k and 121.
11
Let f = -785 - -808. Calculate the highest common factor of 368 and f.
23
Let q(l) = -l**3 + 10*l**2 - 19*l + 27. Let s be q(8). What is the highest common divisor of 3 and s?
3
Suppose q + 3*q - 25 = 5*p, -q + 4 = p. What is the greatest common divisor of q and 565?
5
Let g(v) = -2*v - 9. Let m be g(-6). Let q be 16 - (-4 + -1 + m). Suppose i + 0*i = q. What is the greatest common factor of i and 162?
18
Let s(r) = 2*r**2 - 30*r + 72. Let z be s(13). Calculate the highest common factor of 55 and z.
5
Suppose -b - 9*b + 121 = b. Suppose -292 = -i - 3*i. Suppose 0 = -2*d + i + 15. Calculate the greatest common factor of d and b.
11
Let i = -131 - -230. Let y = 304 - i. Calculate the highest common factor of y and 41.
41
Suppose 0 = 2*v - 3 - 7. Suppose v*r + 3 = 13. Suppose 2*p = -2*q + 38, -r*p - 60 = -3*q + 22. What is the highest common factor of 12 and q?
12
Suppose 51*c = -293 + 70469. Calculate the greatest common factor of c and 86.
86
Let h(o) = -13*o - 19. Let a be 9/6 + (195/(-6))/5. Let z be h(a). What is the greatest common factor of 69 and z?
23
Let w = 305 + -289. Let q(k) = -k**3 - 5*k - 6. Let l be q(-5). What is the highest common divisor of w and l?
16
Let j(a) = 2*a - 16. Let g be j(10). Suppose -g*v + 121 = -k - 108, -5*v - 4*k = -260. Calculate the greatest common divisor of v and 14.
14
Let z = 1246 + -987. What is the greatest common factor of 296 and z?
37
Suppose 0*z = 5*z + 10, 5*j - 181 = -2*z. Suppose 5*o = -3*h + j, -4*o + o + 23 = h. Calculate the greatest common factor of o and 8.
8
Suppose -5*g - 2633 = -4*q, -q + 659 = 9*g - 11*g. Calculate the greatest common divisor of 9 and q.
9
Let j = 22 - -139. Calculate the highest common factor of j and 69.
23
Let s = -13584 - -13628. Suppose -50 = -4*z - 6. Calculate the highest common factor of s and z.
11
Let n(x) = -2*x**2 - 12*x + 42. Let y be n(-8). What is the greatest common factor of y and 15?
5
Suppose u + u = 100. Suppose -r - 12 + 32 = 0. What is the highest common divisor of r and u?
10
Suppose -22 = -4*a - 6. Suppose 4*i - 71 = -o, -a*o + 170 = 3*i - 88. Suppose -3*m + 35 = 2*m. What is the greatest common factor of m and o?
7
Suppose -5*m + 7 + 3 = 0. Suppose -6*k + m*k = -448. What is the highest common factor of 16 and k?
16
Suppose -f - 8 = 3*m - 3*f, 3*f + 21 = -m. Let n be m + (-6)/(-3) + 26. Calculate the highest common divisor of 33 and n.
11
Let u(v) = -8*v + 4. Let h be u(-1). Let z be 3/1 + -4 + 1 - -60. What is the greatest common factor of z and h?
12
Let p be (1 - 4/(-1))/1. Let z(v) = 10*v - 305. Let w be z(34). What is the greatest common factor of p and w?
5
Let u(t) = 8*t + 6. Let v be (1 - 2)/((-10)/60). Let l be u(v). Calculate the greatest common divisor of 6 and l.
6
Let j(v) = v**3 + 9*v**2 - 31*v - 12. Let o be j(-11). Calculate the greatest common divisor of 145 and o.
29
Suppose -16*i - 116 = -18*i + 4*r, -3*r - 159 = -3*i. Suppose -3*l + s + 16 = 0, 2*l - 5*s - 10 = -4*s. Calculate the greatest common factor of l and i.
6
Let s = -76 - -82. Let n be 12 - (-2)/(s + -4). Calculate the greatest common factor of 169 and n.
13
Let a = -64 - -53. Let i = a - -15. Calculate the highest common divisor of 16 and i.
4
Let k = -265 - -330. Calculate the highest common factor of 26 and k.
13
Suppose 11 - 37 = -2*m - 2*i, 5*i = 15. Suppose 4*n = 4*x - 372, 5*x - n - 317 = 152. Suppose 6*z - 86 - x = 0. What is the highest common divisor of m and z?
10
Let j be 2/1*(-15)/(-6). Suppose k + j*d = -5 + 88, 442 = 5*k - 2*d. What is the highest common divisor of k and 11?
11
Let f(z) = 2*z**2 + 3*z + 5. Let w be f(-4). Let t(l) = -l + 62. Let q be t(37). Calculate the highest common factor of q and w.
25
Let k(l) = -l**3 - 15*l + 172. Let u be k(0). Calculate the greatest common divisor of u and 4.
4
Let a(p) = p - 7*p - 5*p + 10*p + 22. Let b be (-34)/(-2)*(-1 - -2). Let s be a(b). Calculate the highest common factor of 25 and s.
5
Suppose -2*n + 345 = -68*g + 69*g, -4*g - 150 = -n. What is the highest common divisor of n and 153?
17
Suppose 0 = -4*b - 5*k + 321, 0 = 2*b - 0*k - k - 171. Suppose -38*p - 224 = -46*p. What is the greatest common factor of p and b?
28
Suppose -15 = -5*w, -3*q + 13 = 2*q + w. Let b be (2 - q) + 2 - -2. Suppose -38 = b*o - 182. What is the highest common divisor of 12 and o?
12
Let u = -129 + 139. Calculate the greatest common factor of 6 and u.
2
Let u(b) = 11*b**2 + 2*b - 1. Let f be u(1). What is the highest common divisor of 1668 and f?
12
Let k be (-2 - -252)*7*(-16)/(-280). What is the highest common divisor of k and 3100?
100
Let l = 361 + 101. Calculate the greatest common factor of l and 198.
66
Let v(n) = -21*n - 125. Let j be v(-6). What is the highest common factor of j and 64?
1
Let b(u) = -2*u**3 + u**2 - 3*u - 4. Let r be b(-2). Calculate the greatest common factor of 33 and r.
11
Let c = 0 + -5. Let q(z) = -z. Let u(m) = -2*m - 7. Let v(f) = 3*q(f) - u(f). Let w be v(c). Calculate the greatest common divisor of w and 132.
12
Let